 the greatest common factor of 21 and s.
3
Let b = -4 + 32. Suppose -33*w + b*w + 40 = 0. What is the highest common factor of 20 and w?
4
Let j be 1/(-4) + 140/(-16). Let s be (-2)/j - 20/9. Let z be 366/8 + s/(-8). What is the greatest common factor of 69 and z?
23
Let b be (-939)/(-9) - (-30)/45. Calculate the greatest common divisor of 70 and b.
35
Let f(x) = 7*x + 7. Let y = 8 - 8. Suppose l - 4*z + 4 = y, -2*l + 0*z + 5*z + 1 = 0. Let h be f(l). What is the highest common factor of 9 and h?
9
Suppose 0 = 4*j - 129 + 49. Let f be -18 + 136/8 - -16. What is the greatest common divisor of j and f?
5
Suppose 39*q - 1468 = 1262. Let s be 348/2 - (-2 - -1). What is the highest common divisor of s and q?
35
Let g = 2 + 0. Suppose -5*x + 0*x - 245 = -4*o, -5*x + 115 = g*o. Suppose -5*c = -k - 121, 0*c = 2*c - k - 49. What is the greatest common divisor of o and c?
12
Let i(t) = t**3 - t**2 - 2*t - 2. Let g be ((-3)/(-6))/((-3)/(-18)). Let l be i(g). Let y be (-116)/(-20) + 2/l. What is the greatest common factor of y and 66?
6
Suppose 0 = -7*c + 8*c + 1, -c + 41 = 3*p. Calculate the greatest common divisor of p and 378.
14
Let n be 33 + 10 + -2 + 4. What is the greatest common factor of n and 765?
45
Suppose -7*u - z - 100 = -11*u, 0 = -5*z + 40. Suppose 2*a = -5*y + 149, 0 = 3*y + 2*y - 5. Suppose 5*d = d + a. What is the highest common divisor of u and d?
9
Suppose -s = -2*g - 4*s + 52, -g + 12 = 5*s. What is the highest common divisor of 416 and g?
32
Suppose -5*u = -3*i - 112, 4 = i - 2*i. What is the highest common divisor of u and 130?
10
Let o = 25 + -15. Let a be 170/(-1)*(-8)/(-16). Let p be (68/a)/(2/(-175)). Calculate the greatest common factor of p and o.
10
Let u = -1870 - -1876. Calculate the highest common factor of u and 717.
3
Let s = -27 - -42. Let h be (292/16)/(1/4). Suppose -h - 527 = -5*n. Calculate the highest common factor of s and n.
15
Let o(g) = 2*g + 5. Let k be o(5). Suppose 168 = -i - 3*w - w, 5*w + 900 = -5*i. Let z be 2/8 - i/32. Calculate the greatest common divisor of k and z.
3
Suppose -29 = -2*s - k, -40*s + 36*s = k - 53. Let n be 790/6 + 1/3. What is the greatest common factor of n and s?
12
Suppose -4*i + 5*i - v = 2, 0 = -4*i + 2*v + 16. Suppose -i*p + 9*p + 135 = 0. Let a be ((-14)/(-21))/((-2)/p). What is the greatest common factor of 135 and a?
15
Let h(u) = -6*u - 13. Let a be h(-15). Let s be (-309)/(-45) + (-14)/(-105). What is the highest common divisor of a and s?
7
Let a(y) = 11*y - 601. Let p be a(59). Let j(v) = -2*v + 2. Let r be j(-7). Calculate the greatest common divisor of r and p.
16
Suppose 65 = -3*q + 3*o - 85, -4*q + 3*o = 200. Let g be 6*(24/15)/((-15)/q). Calculate the greatest common divisor of g and 4.
4
Let w(k) = -k**2 + 5*k + 8. Let x be w(6). Suppose -x*q - 45 = 3*q. Let g(z) = -z**2 - 12*z - 9. Let n be g(q). What is the greatest common divisor of n and 72?
18
Let c(o) = 3*o**3 - 15*o**2 - 36*o - 7. Let p be c(7). What is the greatest common factor of 63 and p?
7
Let p(n) = -n - 13. Let h be p(-14). Let u = h - -3. What is the greatest common divisor of u and 28?
4
Suppose 4*b - 82 = n, 2*b = 5*b + 2*n - 56. Let y = -77 - -164. Let w = -83 + y. What is the highest common factor of b and w?
4
Let w(u) = 31*u + 2. Suppose -3*d + 4 = -d. Let c = d - -1. Let x be w(c). Calculate the greatest common divisor of 19 and x.
19
Let h be (2/3)/(4/408). Let w be (-3)/5*(-2)/3 - (-216)/60. Calculate the greatest common factor of w and h.
4
Let w(g) = -2*g - 10. Let c be w(-7). What is the greatest common divisor of 6 and c?
2
Let z(i) = -72*i**3 + 25*i**2 + 24*i. Let v be z(-1). Calculate the highest common divisor of 1387 and v.
73
Let f(k) = 40*k + 774. Let g be f(-15). What is the greatest common divisor of g and 30?
6
Suppose 0*f - 2*f - p + 44 = 0, -f = -4*p - 22. Calculate the highest common divisor of f and 286.
22
Let t(b) = 8*b**2 + 8*b + 32. Let r be t(-3). Calculate the greatest common divisor of r and 470.
10
Let r = -60 - -65. Let g = 8 + r. Calculate the greatest common factor of 13 and g.
13
Let m(h) = -2 - 14*h + 0 - 4. Let v be m(-4). Suppose 5*z - v = 10. Calculate the greatest common factor of 3 and z.
3
Let l be ((-128)/20)/(3/(-45)). Suppose 64 = 4*k - l. Suppose -4*a - k = -8*a. What is the highest common factor of 25 and a?
5
Let i(h) = -8*h + 4. Let w be i(-4). Let x(t) be the first derivative of -55*t**2/2 - t - 7. Let j be x(-1). Calculate the highest common factor of w and j.
18
Let c(r) = 41*r**2 - r. Let f be c(1). Let q(y) = y**3 + 8*y**2 - y - 8. Let o be q(-7). Suppose o = -2*l + 88. Calculate the highest common divisor of f and l.
20
Suppose h = 4*h + x + 10, -5*h + 4*x - 11 = 0. Let i be 5/((15/(-10))/h). Calculate the greatest common factor of 4 and i.
2
Suppose 20*b = 63 + 177. What is the highest common divisor of 6 and b?
6
Suppose -3*t = 5*u - 278, 6*u - 7*u = -5*t + 454. Calculate the greatest common factor of 65 and t.
13
Let m be ((-10)/3)/(20/(-30)). Suppose 0 = m*d - 87 + 17. What is the highest common divisor of 126 and d?
14
Let j be 3/6*-2*0/(-1). Suppose j = -4*m + 3*u + 291, -4*m + 363 = -4*u + 75. Let l be (-402)/(-8) + (-3)/12. Calculate the greatest common factor of m and l.
25
Suppose -k - 2*i = -0*k - 50, 0 = -4*i + 16. What is the greatest common divisor of 336 and k?
42
Suppose -6*w - 7*w + 819 = 0. Suppose -2*f - 3*f = -15. Suppose -l = -3*j + 127, -f*j - 5*l = 2*j - 205. What is the highest common factor of w and j?
21
Suppose -4*u + 5*h + 329 = 0, -5*h + 140 = 5*u - 260. What is the highest common factor of u and 9?
9
Suppose -2*q + 4*o = -18, 3*q - 7*q + 61 = -3*o. Suppose 5 = m - q. Calculate the greatest common factor of m and 36.
12
Let c(x) = -x**3 - 19*x**2 - 48*x + 27. Let z be c(-16). What is the highest common factor of 684 and z?
9
Suppose -24 = -n + 8. Suppose -59*t = 356 - 2716. Calculate the greatest common divisor of n and t.
8
Suppose 2*r - 2814 = r. Calculate the highest common factor of r and 42.
42
Suppose 5 = m, -5*i = -0*m + 3*m - 30. Suppose 5*y - 10 = -3*x, -2*y + i*x = 6*x - 4. Calculate the highest common divisor of 2 and y.
2
Let v = -21 + 37. Let h(l) = -16*l - 128. Let o be h(-19). Calculate the greatest common divisor of v and o.
16
Let o(l) = 15*l + 162. Let k be o(-6). Let f(j) = j**3 + 9*j**2 - 4*j - 18. Let b be f(-9). Calculate the greatest common factor of k and b.
18
Let w(j) be the first derivative of 2 + 3/2*j**2 + 1/3*j**3 - 5*j. Let k be w(5). Calculate the highest common factor of k and 315.
35
Let p be ((-29)/((-261)/882))/2. Suppose n - 3*n = -14. What is the highest common divisor of n and p?
7
Suppose 4 = 4*o + 4*u, -3*o + 6*o - 3 = u. Let t be -71 - (-5 + 8/2). Let z be ((-4)/(-10))/((-14)/t). Calculate the highest common factor of o and z.
1
Let r(d) = -d**3 + d**2 + 2*d + 8. Let y(f) = f - 9. Let i be y(9). Let l be r(i). What is the greatest common divisor of 88 and l?
8
Let v(k) = k**3 - 5*k**2 + 3*k + 9. Let y be v(5). Let f = -15 + y. Calculate the greatest common factor of f and 18.
9
Suppose x + 3 = 7. Let p(h) = 15*h + 10 - 8*h + 3*h**2 - x*h. Let f be p(-5). What is the highest common factor of 10 and f?
10
Let b = 8 - 3. Let d(j) = -j**3 - 4*j**2 - 3*j + 3. Let k be d(-3). Suppose w - 18 = -k. Calculate the greatest common factor of w and b.
5
Let c(m) = -2*m**3 - 7*m**2 - m - 7. Suppose -2*x - 7 = -x. Let p be c(x). What is the greatest common factor of 49 and p?
49
Suppose 3*f - 7 = -19. Let l be (1/(-2))/(f/816). Suppose -131 = -5*o - 2*i, -o = 3*o + 3*i - l. What is the greatest common divisor of o and 3?
3
Suppose 0 = 2*o - 0*o + 20. Let h = 50 + o. Calculate the highest common factor of h and 8.
8
Let y = -14 + 30. Let z(n) = -n**3 - 23*n**2 + 19*n + 56. Let i be z(-24). Calculate the highest common divisor of y and i.
16
Let w be 3365/45 - 20/(-90). Calculate the greatest common divisor of 825 and w.
75
Suppose p + 3*p - 12 = 0. Suppose 8*z = 141 + 427. Suppose 4*s - 5*k = -37 + 120, -p*s + z = -2*k. What is the greatest common divisor of 18 and s?
9
Let f(z) = 6*z - 18. Let j be f(5). Suppose -j*s + 738 - 198 = 0. What is the greatest common factor of s and 5?
5
Let v be 7 + (8/(-2))/4. Let p(s) = -s + 11. Let o be p(v). Let m(x) = x**2 + 3*x - 4. Let d be m(o). Wh